119. What are the prime factors of y?
17, 229
Let z(c) = -3*c + 73. Let r be 3 + 6/(-4)*38/3. List the prime factors of z(r).
11
Let h = -208 + 413. What are the prime factors of h?
5, 41
Let d(l) = -4*l**3 + 1. Suppose -4*h - 6 = 2. Let w be d(h). Suppose -5*g = -12 - w. List the prime factors of g.
3
Let l(u) = -10*u + 14*u - 19*u. Let j be l(-1). Suppose 0 = j*p - 12*p - 6. What are the prime factors of p?
2
Let q = 20 + -46. Let b = -36 - q. Let t = b - -24. List the prime factors of t.
2, 7
Suppose 5*z + 5*d = 2594 + 1371, z - 823 = 5*d. List the prime factors of z.
2, 3, 7, 19
Suppose 4*x = 3*x - 4. Let n(z) = z**2 + 2*z - 5. Let k be n(x). Suppose 0 = 3*u - 3*o - 51, -5*u + k*o + 109 = 6*o. What are the prime factors of u?
2, 5
Let z(m) = 36*m + 4. Let d be z(3). Suppose 2*b - d = -3*f + 2*f, -5*f - 210 = -4*b. List the prime factors of b.
5, 11
Suppose -3*o + 1 = -c, -4*c + 2*c + 6 = 2*o. Suppose 3*v + 4 = -d, -3*d - c*d + 5*v + 60 = 0. What are the prime factors of 188/d - 3/6?
23
Suppose -5*d + 9 = 4*p, 4*p - 12 = -3*d - d. Suppose 0*k - 2 = -g + k, 4*g - 5*k = 7. Suppose 0 = g*t - p, 28 = -2*c + 5*c - 4*t. List the prime factors of c.
2, 3
Let t = 76 + -82. Let j = t - -107. What are the prime factors of j?
101
Let q(r) = 4*r**2 - 9*r + 29. What are the prime factors of q(-15)?
2, 7, 19
Suppose 41*r - 20556 = 66651. List the prime factors of r.
3, 709
Let u(r) = -r**2 - 31*r - 74. Let s be u(-21). Let z = s - 114. What are the prime factors of z?
2, 11
Let f(p) = 17*p - 40. Let a be (5 - 1)/(3 + 38/(-14)). List the prime factors of f(a).
2, 3, 11
Let t(w) = -w + 5. Let c be t(2). Suppose 0 = -5*b + 3*p + 374, -225 = -0*b - c*b + 2*p. List the prime factors of b.
73
Let l(k) = 197*k**3 - 2*k**2 - k + 1. What are the prime factors of l(3)?
7, 757
Let m be (-424)/6 + 3/((-18)/(-4)). Let z = 73 + m. What are the prime factors of z?
3
Let a = -22 + 41. Suppose -f - f + 8 = 0. Let s = a + f. List the prime factors of s.
23
Let m(f) = f**2 + 5*f + 5. Let z be m(-5). Suppose 2*b - 106 = 3*g, b = -z*g + 35 - 8. List the prime factors of b.
47
What are the prime factors of 691 + (5 - 7) + -2?
3, 229
Let m(t) = -2*t. Let f be m(-1). Suppose -3*c - f*c = -225. What are the prime factors of c?
3, 5
Suppose 2 = 5*c - 68. Suppose 6*h - 44 = -c. What are the prime factors of h?
5
Suppose 24*o - 25*o + 4 = 0. Let c be o/((-3)/3) - -53. Suppose -3*z = -c - 35. List the prime factors of z.
2, 7
Suppose -2*q + q - 5*n + 8 = 0, 8 = 3*q - n. Suppose 6*f - 198 = -q*o + f, 0 = 3*o - 5*f - 168. What are the prime factors of o?
61
Let s(a) = 2*a**2 - 17*a + 19. Let z(i) = -1. Let j(f) = s(f) + 5*z(f). What are the prime factors of j(12)?
2, 7
Suppose 5839 = 9*c - 8948. What are the prime factors of c?
31, 53
Suppose 4 = 2*i - 2. Let y = -2 - i. Let l(v) = -4*v - 3. What are the prime factors of l(y)?
17
Suppose 32 = 4*h - 8*h. Let k(w) = -3*w - 1. Let d be k(h). Let u = d - -7. List the prime factors of u.
2, 3, 5
Let j(s) = 367*s - 34. List the prime factors of j(3).
11, 97
Let v be (1 + 5)/((-2)/3). Let m = v - -11. Suppose m*h = -3*d + 53, -2*h + 114 = 5*d + 19. List the prime factors of d.
3, 7
Suppose -3*u + 15 = -4*q - 5, -3*q = 3*u - 48. Suppose 2*r - 4*l - 27 = l, -r + u = -2*l. What are the prime factors of 4/r - (-19)/3?
7
Suppose 0 = 17*d - 11*d - 5574. List the prime factors of d.
929
Let h = 37 - 55. Let y = -11 - h. Suppose 0 = 3*w - y*w + 64. What are the prime factors of w?
2
Suppose 4*m = -2*s + 442, m + 0*m - 106 = s. Suppose 3*w - 247 - 298 = -5*i, -i + m = w. List the prime factors of i.
109
Let j(u) be the first derivative of -u**4/4 - 4*u**3 - 4*u**2 - 4*u + 20. List the prime factors of j(-12).
2, 23
Let p(t) = 250*t - 382. What are the prime factors of p(6)?
2, 13, 43
Let j = -634 + 1150. What are the prime factors of j?
2, 3, 43
Suppose 26989 = 32*k - 5811. What are the prime factors of k?
5, 41
Let q(z) = 4*z**3 + 8*z**2 + 13*z - 6. Let j be q(-6). What are the prime factors of (-1 - -5)/(4 + j/166)?
2, 83
Suppose -3*w = -w - 8. Suppose 0 = w*k - 462 - 326. List the prime factors of k.
197
Let b be (1 - 4)/(2/12). Let k = b + 27. Suppose -k = -2*w + 31. List the prime factors of w.
2, 5
Let o = 77 + -35. List the prime factors of 2737/o - (-1)/(-6).
5, 13
Let l(g) = 96*g**3 - g**2 + 3*g - 1. Let t be l(1). Let n = t + -52. List the prime factors of -4 + n + -4 + 2.
3, 13
List the prime factors of (-42)/7 + 11 + 459.
2, 29
Suppose -n + 5*h = -18, 4*h = 2*n + 2*h + 4. Let v = n - -50. List the prime factors of v.
43
Let g(o) = o**3 - 11*o**2 - o + 8. Let h be g(11). Let n(d) = 17*d**2 + 2*d - 3. List the prime factors of n(h).
2, 3
Let r(j) = -j + 21. Let l be r(-10). Let g = 54 + l. List the prime factors of g.
5, 17
Suppose -271 = 2*j - t - 5252, 5*j = 5*t + 12455. What are the prime factors of j?
2, 3, 5, 83
What are the prime factors of 260/(-65) + -1 + (2047 - -2)?
2, 7, 73
Let q(j) = -j**2 + 4*j - 8. Let u be q(-6). What are the prime factors of (7 + u)/(-1 - 0)?
61
Suppose -5*y - 4*f + 60 = 0, y + 3*f = -0*f + 23. Suppose -5*i + i = -y. What are the prime factors of (i - 5)/(6/(-32))?
2
Let b = 105 - 102. Let o(i) = 52*i + 1. What are the prime factors of o(b)?
157
Let k = -670 - -1254. Suppose 3*n + k = 7*n. List the prime factors of n.
2, 73
Suppose -q - 6 = 2*g, 3*q - 3 = -2*q + g. Let r be 29 + q - (-4 - -2). Suppose 4*a - r = 25. List the prime factors of a.
2, 7
Let a(w) = w**2 - 5*w - 3. Let s be a(6). Let k(h) = 82*h - 4. What are the prime factors of k(s)?
2, 11
Let r(f) be the second derivative of 0 + 7/2*f**2 - 1/6*f**3 + 5*f. What are the prime factors of r(-12)?
19
Let b be (-7)/42*3 - 6/(-4). Suppose 0 = 4*x - 15 - 1. What are the prime factors of b/x + (-198)/(-8)?
5
Let f be ((-18)/15)/(1/5). Let c = 279 + -126. List the prime factors of (c/f)/((-2)/4).
3, 17
Suppose 5*l - 284 - 206 = 0. Suppose l = 3*j + 4*b, 3*j - 5*b = 41 + 12. Suppose -4*a - 10 = -j. What are the prime factors of a?
2
Suppose 9*k - 4*k = k. Suppose k = -10*x + 3*x + 1561. What are the prime factors of x?
223
Suppose 4*z = 4*u + 4 + 8, -z = -3. Suppose -g + v + 3*v + 144 = u, -3*v = -12. Suppose g = 6*m - m. What are the prime factors of m?
2
Let m = 425 - -51. List the prime factors of m.
2, 7, 17
Let i = -119 - -127. Let x(t) = -t**3 + 8*t**2 + t + 3. List the prime factors of x(i).
11
Suppose 1608 = -151*w + 157*w. What are the prime factors of w?
2, 67
Suppose 5*u - 11 = 4. Suppose 0 = 4*d + 3*q - 27 - 24, u*q = 15. What are the prime factors of d?
3
Let b = -11 - -26. Suppose 18*d = b*d. Suppose -4*o + 3*m + 120 + 43 = d, -5*m = 3*o - 144. What are the prime factors of o?
43
Suppose 0 = 18*p - 21*p - 9. What are the prime factors of (-7)/p - 30/(-45)?
3
Let y = -41 + 61. Let n(s) = 6*s + 13*s**2 + s**3 + y + 10*s - 5*s - 3. What are the prime factors of n(-12)?
29
Let u(s) = -124*s - 1. Let k be u(-1). Suppose 0 = 3*t + 3*z - k, 0 = 4*t - 3*z - 0*z - 199. List the prime factors of t.
2, 23
Let l be 2/8 + 169/(-52). Let d be (-3)/(-6)*l*-2. Suppose -r - d*r + 152 = 0. List the prime factors of r.
2, 19
Let z(k) = 3*k - 3. Let r = -23 - -8. Let i = r - -20. List the prime factors of z(i).
2, 3
Let g(t) = -6*t - 6. Let y be g(4). Let j = -27 - y. List the prime factors of 98*(-1)/(-2) + j.
2, 13
Suppose 0 = -8*w + 3285 + 1867. List the prime factors of w.
2, 7, 23
Let z = 2 - -2. Suppose 0*d - 2*p - 44 = -z*d, 2*p - 37 = -5*d. List the prime factors of (-3760)/(-72) - 2/d.
2, 13
Let x(r) = -r**3 + r**2 + 8*r - 3. Let f be (-4)/(-22) + (-42)/(-11). Let w be x(f). What are the prime factors of 5 - 1 - (w - -2)?
3, 7
Suppose -4*g + 1938 = n - 516, -g = -1. List the prime factors of n.
2, 5, 7
Suppose 4*y - 24 = -0*y. Suppose 0 = -3*n - y, -h - 3*n + 32 = 2*n. What are the prime factors of h?
2, 3, 7
Let f = 33 + 660. List the prime factors of f.
3, 7, 11
Let k(g) = g**3 + 11*g**2 - 26*g + 2. Let j be k(-13). Suppose j*q - 5*z - 228 = 346, 0 = 2*q + 4*z - 538. List the prime factors of q.
277
Suppose -4*n + 2375 = 5*p, p - 147 + 1324 = 2*n. What are the prime factors of n?
2, 5, 59
Let x(s) = 3*s**2 - 11*s - 11. What are the prime factors of x(9)?
7, 19
Let m be (181/(-2) + 2)/(12/(-40)). Suppose 0 = -4*x - 0*x - 5*d + 275, -4*x - d = -m. 